{"id":2,"date":"2016-09-01T06:39:30","date_gmt":"2016-09-01T05:39:30","guid":{"rendered":"http:\/\/turgis.org\/?page_id=2"},"modified":"2016-09-10T11:00:39","modified_gmt":"2016-09-10T10:00:39","slug":"page-d-exemple","status":"publish","type":"page","link":"https:\/\/www.turgis.org\/","title":{"rendered":"Des TURGIS comme nous"},"content":{"rendered":"<p>Ce site a vocation\u00a0de rallier\u00a0en un m\u00eame lieu\u00a0tous nos cousins, nos parents, nos arri\u00e8res grands-oncles,\u00a0et bien au-del\u00e0, tous ceux qui portent ou ont port\u00e9, le nom de\u00a0<strong>TURGIS<\/strong>. Il a pour ambition de restaurer, autour d&rsquo;un patronyme, une appartenance \u00e0 une\u00a0tapisserie familiale tiss\u00e9e\u00a0par quatorze\u00a0si\u00e8cles et de partager\u00a0cette identit\u00e9 avec\u00a0tous les\u00a0porteurs de ce nom.<\/p>\n<p>Les TURGIS (et leurs lointains cousins Anglais les STURGIS) ont en effet beaucoup de chance: ils portent un nom inhabituel qui incite\u00a0\u00e0\u00a0l&rsquo;investigation, un nom encore aujourd&rsquo;hui essentiellement imprim\u00e9 dans des\u00a0r\u00e9gions riches d&rsquo;Histoire et d&rsquo;imaginaire. Les TURGIS\u00a0sortent de l&rsquo;anonymat \u00e7\u00e0 et l\u00e0, au d\u00e9tour des quatorze derniers si\u00e8cles, rarement\u00a0bien loin de leurs terres ancestrales, juste assez pour inviter \u00e0 creuser\u00a0d&rsquo;avantage, et toujours trop peu pour pleinement satisfaire la curiosit\u00e9. Certains se montrent bienfaisants et d&rsquo;autres franchement peu recommandables, peignant un tableau color\u00e9 et riche de fonctions\u00a0et de caract\u00e8res. Ils jouent\u00a0\u00e0 l&rsquo;occasion\u00a0dans la cour des grands, s&rsquo;associent d&rsquo;assez pr\u00e8s\u00a0\u00e0\u00a0des\u00a0figures prestigieuses de l&rsquo;Histoire telles Guillaume le Conqu\u00e9rant ou Colbert, mais finalement et\u00a0encore de\u00a0nos jours se destinent \u00e0 laisser des empreintes peu profondes et\u00a0toujours \u00e9ph\u00e9m\u00e8res dans l&rsquo;espace comme dans le temps.<\/p>\n<p>Si comme nous\u00a0vous portez ce nom, alors vous\u00a0\u00eates aussi l&rsquo;h\u00e9ritier\u00a0de cette grande tapisserie familiale dont l&rsquo;image reste largement\u00a0effac\u00e9e.<\/p>\n<p><img loading=\"lazy\" class=\"alignleft size-medium wp-image-74\" src=\"http:\/\/www.turgis.org\/wp-content\/uploads\/2016\/09\/The-Seven-Sisters-waterfall-Geiranger-Fjord-Norway-300x158.jpg\" alt=\"the-seven-sisters-waterfall-geiranger-fjord-norway\" width=\"300\" height=\"158\" srcset=\"https:\/\/www.turgis.org\/wp-content\/uploads\/2016\/09\/The-Seven-Sisters-waterfall-Geiranger-Fjord-Norway-300x158.jpg 300w, https:\/\/www.turgis.org\/wp-content\/uploads\/2016\/09\/The-Seven-Sisters-waterfall-Geiranger-Fjord-Norway-768x403.jpg 768w, https:\/\/www.turgis.org\/wp-content\/uploads\/2016\/09\/The-Seven-Sisters-waterfall-Geiranger-Fjord-Norway-1024x538.jpg 1024w, https:\/\/www.turgis.org\/wp-content\/uploads\/2016\/09\/The-Seven-Sisters-waterfall-Geiranger-Fjord-Norway-514x270.jpg 514w, https:\/\/www.turgis.org\/wp-content\/uploads\/2016\/09\/The-Seven-Sisters-waterfall-Geiranger-Fjord-Norway.jpg 1200w\" sizes=\"(max-width: 300px) 100vw, 300px\" \/>Que vous souhaitiez simplement r\u00eaver avec nous \u00e0\u00a0vos possibles\u00a0origines,\u00a0ou contribuer \u00e0 en restaurer la trame, alors passez par\u00a0nos pages historiques. Si vous avez vous-m\u00eame rassembl\u00e9 des branches et des feuilles\u00a0manquantes de cet arbre g\u00e9n\u00e9alogique d\u00e9mesur\u00e9\u00a0couvrant 70 g\u00e9n\u00e9rations, partagez-les sur nos pages de g\u00e9n\u00e9alogie (\u00e0 venir)\u00a0ou discutez en sur notre forum.<\/p>\n<p>En vous laissant sur une pens\u00e9e un peu provocatrice&#8230;: si George W. Bush est un descendant av\u00e9r\u00e9 de Guillaume le Conqu\u00e9rant, apr\u00e8s tout pourquoi pas nous??<\/p>\n<p>Pr\u00eats pour l&rsquo;aventure? Nous vous conseillons de commencer par l&rsquo;article \u00a0sur l&rsquo;origine de notre nom: <a href=\"http:\/\/turgis.org\/?p=1\">THORGILS<\/a><\/p>\n<p>Merci de partager ces pages avec des membres de votre famille, et encore mieux avec des personnes portant notre nom !<\/p>\n<aside class=\"mashsb-container mashsb-main mashsb-stretched\"><div class=\"mashsb-box\"><div class=\"mashsb-buttons\"><a class=\"mashicon-facebook mash-medium mash-center mashsb-noshadow\" href=\"https:\/\/www.facebook.com\/sharer.php?u=https%3A%2F%2Fwww.turgis.org%2F\" target=\"_top\" rel=\"nofollow\"><span class=\"icon\"><\/span><span class=\"text\">Share<\/span><\/a><a class=\"mashicon-twitter mash-medium mash-center mashsb-noshadow\" href=\"https:\/\/twitter.com\/intent\/tweet?text=&url=https:\/\/www.turgis.org\/\" target=\"_top\" rel=\"nofollow\"><span class=\"icon\"><\/span><span class=\"text\">Tweet<\/span><\/a><div class=\"onoffswitch2 mash-medium mashsb-noshadow\" style=\"display:none;\"><\/div><\/div><\/div>\n                    <div style=\"clear:both;\"><\/div><div class=\"mashsb-toggle-container\"><\/div><\/aside>\n            <!-- Share buttons made by mashshare.net - Version: 3.7.8-->\n","protected":false},"excerpt":{"rendered":"<p>Ce site a vocation\u00a0de rallier\u00a0en un m\u00eame lieu\u00a0tous nos cousins, nos parents, nos arri\u00e8res grands-oncles,\u00a0et bien au-del\u00e0, tous ceux qui portent ou ont port\u00e9, le nom de\u00a0TURGIS. Il a pour ambition de restaurer, autour d&rsquo;un patronyme, une appartenance \u00e0 une\u00a0tapisserie familiale tiss\u00e9e\u00a0par quatorze\u00a0si\u00e8cles et de partager\u00a0cette identit\u00e9 avec\u00a0tous les\u00a0porteurs de ce nom. Les TURGIS (et leurs lointains cousins Anglais les STURGIS) ont en effet beaucoup de chance: ils portent un nom inhabituel qui incite\u00a0\u00e0\u00a0l&rsquo;investigation, un nom encore aujourd&rsquo;hui essentiellement imprim\u00e9&#8230;<\/p>\n<p class=\"read-more\"><a class=\"btn btn-default\" href=\"https:\/\/www.turgis.org\/\">Lire la suite<span class=\"screen-reader-text\"> Lire la suite<\/span><\/a><\/p>\n","protected":false},"author":1,"featured_media":0,"parent":0,"menu_order":0,"comment_status":"closed","ping_status":"open","template":"","meta":[],"_links":{"self":[{"href":"https:\/\/www.turgis.org\/index.php?rest_route=\/wp\/v2\/pages\/2"}],"collection":[{"href":"https:\/\/www.turgis.org\/index.php?rest_route=\/wp\/v2\/pages"}],"about":[{"href":"https:\/\/www.turgis.org\/index.php?rest_route=\/wp\/v2\/types\/page"}],"author":[{"embeddable":true,"href":"https:\/\/www.turgis.org\/index.php?rest_route=\/wp\/v2\/users\/1"}],"replies":[{"embeddable":true,"href":"https:\/\/www.turgis.org\/index.php?rest_route=%2Fwp%2Fv2%2Fcomments&post=2"}],"version-history":[{"count":14,"href":"https:\/\/www.turgis.org\/index.php?rest_route=\/wp\/v2\/pages\/2\/revisions"}],"predecessor-version":[{"id":77,"href":"https:\/\/www.turgis.org\/index.php?rest_route=\/wp\/v2\/pages\/2\/revisions\/77"}],"wp:attachment":[{"href":"https:\/\/www.turgis.org\/index.php?rest_route=%2Fwp%2Fv2%2Fmedia&parent=2"}],"curies":[{"name":"wp","href":"https:\/\/api.w.org\/{rel}","templated":true}]}}